{"id":10559,"date":"2021-11-22T17:12:50","date_gmt":"2021-11-22T16:12:50","guid":{"rendered":"https:\/\/www.smkopernik.pl\/?page_id=10559"},"modified":"2023-09-27T02:55:54","modified_gmt":"2023-09-27T00:55:54","slug":"regulaminy-rozliczanie_kosztow","status":"publish","type":"page","link":"https:\/\/www.smkopernik.pl\/old2\/dokumenty\/regulaminy\/regulaminy-rozliczanie_kosztow\/","title":{"rendered":"Rozliczanie koszt\u00f3w"},"content":{"rendered":"<div class=\"contener-tytul\">\n<div class=\"tytul-strony\">Regulaminy<\/div>\n<div class=\"podtytul-strony\">Rozliczanie koszt\u00f3w<\/div>\n<\/div>\n<div class=\"regulamin\">\n  <div class=\"su-accordion su-u-trim\">\n    <div class=\"su-spoiler su-spoiler-style-default su-spoiler-icon-plus regulaminy su-spoiler-closed\" data-scroll-offset=\"0\" data-anchor-in-url=\"no\"><div class=\"su-spoiler-title\" tabindex=\"0\" role=\"button\"><span class=\"su-spoiler-icon\"><\/span>Regulamin w sprawie zasad rozliczania koszt\u00f3w gospodarki zasobami oraz ustalania op\u0142at za u\u017cywanie lokali w Sp\u00f3\u0142dzielni Mieszkaniowej \u201eKopernik\u201d w Toruniu<\/div><div class=\"su-spoiler-content su-u-clearfix su-u-trim\">\n\t <\/div><\/div>\n<div class=\"su-spoiler su-spoiler-style-default su-spoiler-icon-plus regulminy su-spoiler-closed\" data-scroll-offset=\"0\" data-anchor-in-url=\"no\"><div class=\"su-spoiler-title\" tabindex=\"0\" role=\"button\"><span class=\"su-spoiler-icon\"><\/span>Regulamin w sprawie zasad rozliczania koszt\u00f3w gospodarki cieplnej i ustalania op\u0142at za centralne ogrzewanie oraz za podgrzanie wody u\u017cytkowej dla mieszka\u0144 i lokali u\u017cytkowych w  Sp\u00f3\u0142dzielni Mieszkaniowej \u201eKOPERNIK\u201d w Toruniu.<\/div><div class=\"su-spoiler-content su-u-clearfix su-u-trim\">\n\t <\/div><\/div>\n<p>  <\/div>\n<\/p><\/div>\n<p><!--\n[su_spoiler title=\"Regulamin w sprawie zasad rozliczania koszt\u00f3w gospodarki cieplnej i ustalania op\u0142at za centralne ogrzewanie oraz za podgrzanie wody u\u017cytkowej dla mieszka\u0144 i lokali u\u017cytkowych w Sp\u00f3\u0142dzielni Mieszkaniowej KOPERNIK w Toruniu\" open=\"no\" style=\"default\" icon=\"plus\" anchor=\"\" anchor_in_url=\"no\" class=\"regulminy\"]\n\t [pdfjs-viewer url=\"https:\/\/www.smkopernik.pl\/wp-content\/uploads\/2021\/08\/reg-co-p.pdf\" viewer_width=97% viewer_height=500px fullscreen=true download=true print=true][\/su_spoiler]\n\t \n\t [su_spoiler title=\"Regulamin w sprawie zasad rozliczania koszt\u00f3w gospodarki cieplnej i ustalania op\u0142at za centralne ogrzewanie oraz za podgrzanie wody u\u017cytkowej dla mieszka\u0144 i lokali u\u017cytkowych wyposa\u017conych w ciep\u0142omierze w Sp\u00f3\u0142dzielni Mieszkaniowej KOPERNIK Toruniu\" open=\"no\" style=\"default\" icon=\"plus\" anchor=\"\" anchor_in_url=\"no\" class=\"regulaminy\"]\n\t [pdfjs-viewer url=\"https:\/\/www.smkopernik.pl\/wp-content\/uploads\/2021\/08\/reg-co-c.pdf\" viewer_width=97% viewer_height=500px fullscreen=true download=true print=true][\/su_spoiler]\n--><\/p>\n","protected":false},"excerpt":{"rendered":"<p>Regulaminy Rozliczanie koszt\u00f3w<\/p>\n","protected":false},"author":1,"featured_media":0,"parent":2835,"menu_order":1,"comment_status":"closed","ping_status":"closed","template":"","meta":{"footnotes":""},"categories":[],"tags":[92,97],"class_list":["post-10559","page","type-page","status-publish","hentry","tag-dokumenty","tag-regulaminy"],"publishpress_future_action":{"enabled":false,"date":"2026-05-24 17:57:08","action":"change-status","newStatus":"draft","terms":[],"taxonomy":"category","extraData":[]},"publishpress_future_workflow_manual_trigger":{"enabledWorkflows":[]},"_links":{"self":[{"href":"https:\/\/www.smkopernik.pl\/old2\/wp-json\/wp\/v2\/pages\/10559","targetHints":{"allow":["GET"]}}],"collection":[{"href":"https:\/\/www.smkopernik.pl\/old2\/wp-json\/wp\/v2\/pages"}],"about":[{"href":"https:\/\/www.smkopernik.pl\/old2\/wp-json\/wp\/v2\/types\/page"}],"author":[{"embeddable":true,"href":"https:\/\/www.smkopernik.pl\/old2\/wp-json\/wp\/v2\/users\/1"}],"replies":[{"embeddable":true,"href":"https:\/\/www.smkopernik.pl\/old2\/wp-json\/wp\/v2\/comments?post=10559"}],"version-history":[{"count":0,"href":"https:\/\/www.smkopernik.pl\/old2\/wp-json\/wp\/v2\/pages\/10559\/revisions"}],"up":[{"embeddable":true,"href":"https:\/\/www.smkopernik.pl\/old2\/wp-json\/wp\/v2\/pages\/2835"}],"wp:attachment":[{"href":"https:\/\/www.smkopernik.pl\/old2\/wp-json\/wp\/v2\/media?parent=10559"}],"wp:term":[{"taxonomy":"category","embeddable":true,"href":"https:\/\/www.smkopernik.pl\/old2\/wp-json\/wp\/v2\/categories?post=10559"},{"taxonomy":"post_tag","embeddable":true,"href":"https:\/\/www.smkopernik.pl\/old2\/wp-json\/wp\/v2\/tags?post=10559"}],"curies":[{"name":"wp","href":"https:\/\/api.w.org\/{rel}","templated":true}]}}