{"id":10650,"date":"2021-11-23T17:43:56","date_gmt":"2021-11-23T16:43:56","guid":{"rendered":"https:\/\/www.smkopernik.pl\/blog\/dzialalnosc-kulturalna-3\/"},"modified":"2022-12-27T03:23:25","modified_gmt":"2022-12-27T02:23:25","slug":"sok-impresariat","status":"publish","type":"page","link":"https:\/\/www.smkopernik.pl\/old2\/dzialalnosc-sok\/sok-impresariat\/","title":{"rendered":"Impresariat artystyczny"},"content":{"rendered":"<div class=\"contener-tytul-strona\">\n<div class=\"tytul-grupowy\">Dzia\u0142alno\u015b\u0107 spo\u0142eczna, o\u015bwiatowa i kulturalna<\/div>\n<div class=\"tytul-strony\">Impresariat artystyczny<\/div>\n<\/div>\n<div><\/div>\n<p><!-- \n\n<div>[termposts name=\"sok-imprezy-konkursy\"]<\/div>\n\n\n\n\n<div>[termposts name=\"sok-wycieczki\"]<\/div>\n\n\n\n\n<div>[termposts name=\"sok-kluby-sekcje\"]<\/div>\n\n\n\n\n<div><\/div>\n\n --><\/p>\n","protected":false},"excerpt":{"rendered":"<p>Dzia\u0142alno\u015b\u0107 spo\u0142eczna, o\u015bwiatowa i kulturalna Impresariat artystyczny<\/p>\n","protected":false},"author":1,"featured_media":0,"parent":1693,"menu_order":0,"comment_status":"closed","ping_status":"closed","template":"","meta":{"footnotes":""},"categories":[],"tags":[190,99,244,175,218,183,101,216,217,102,100,212],"class_list":["post-10650","page","type-page","status-publish","hentry","tag-balet","tag-dzialalnosc","tag-dzialalnosc-sok","tag-impresariat","tag-kabaret","tag-kino","tag-kulturalna","tag-opera","tag-operetka","tag-oswiatowa","tag-spoleczna","tag-teatr"],"publishpress_future_action":{"enabled":false,"date":"2026-05-24 17:00:16","action":"change-status","newStatus":"draft","terms":[],"taxonomy":"category","extraData":[]},"publishpress_future_workflow_manual_trigger":{"enabledWorkflows":[]},"_links":{"self":[{"href":"https:\/\/www.smkopernik.pl\/old2\/wp-json\/wp\/v2\/pages\/10650","targetHints":{"allow":["GET"]}}],"collection":[{"href":"https:\/\/www.smkopernik.pl\/old2\/wp-json\/wp\/v2\/pages"}],"about":[{"href":"https:\/\/www.smkopernik.pl\/old2\/wp-json\/wp\/v2\/types\/page"}],"author":[{"embeddable":true,"href":"https:\/\/www.smkopernik.pl\/old2\/wp-json\/wp\/v2\/users\/1"}],"replies":[{"embeddable":true,"href":"https:\/\/www.smkopernik.pl\/old2\/wp-json\/wp\/v2\/comments?post=10650"}],"version-history":[{"count":0,"href":"https:\/\/www.smkopernik.pl\/old2\/wp-json\/wp\/v2\/pages\/10650\/revisions"}],"up":[{"embeddable":true,"href":"https:\/\/www.smkopernik.pl\/old2\/wp-json\/wp\/v2\/pages\/1693"}],"wp:attachment":[{"href":"https:\/\/www.smkopernik.pl\/old2\/wp-json\/wp\/v2\/media?parent=10650"}],"wp:term":[{"taxonomy":"category","embeddable":true,"href":"https:\/\/www.smkopernik.pl\/old2\/wp-json\/wp\/v2\/categories?post=10650"},{"taxonomy":"post_tag","embeddable":true,"href":"https:\/\/www.smkopernik.pl\/old2\/wp-json\/wp\/v2\/tags?post=10650"}],"curies":[{"name":"wp","href":"https:\/\/api.w.org\/{rel}","templated":true}]}}