{"id":10655,"date":"2021-11-23T23:18:00","date_gmt":"2021-11-23T22:18:00","guid":{"rendered":"https:\/\/www.smkopernik.pl\/?page_id=10655"},"modified":"2022-12-27T03:23:04","modified_gmt":"2022-12-27T02:23:04","slug":"sok-imprezy_konkursy_wydarzeina","status":"publish","type":"page","link":"https:\/\/www.smkopernik.pl\/old2\/dzialalnosc-sok\/sok-imprezy_konkursy_wydarzeina\/","title":{"rendered":"Imprezy, konkursy, wydarzenia"},"content":{"rendered":"<div class=\"contener-tytul-strona\">\n<div class=\"tytul-grupowy\">Dzia\u0142alno\u015b\u0107 spo\u0142eczna, o\u015bwiatowa i kulturalna<\/div>\n<div class=\"tytul-strony\">Imprezy, konkursy, wydarzenia<\/div>\n<\/div>\n<div><\/div>\n","protected":false},"excerpt":{"rendered":"<p>Dzia\u0142alno\u015b\u0107 spo\u0142eczna, o\u015bwiatowa i kulturalna Imprezy, konkursy, wydarzenia<\/p>\n","protected":false},"author":1,"featured_media":0,"parent":1693,"menu_order":1,"comment_status":"closed","ping_status":"closed","template":"","meta":{"footnotes":""},"categories":[],"tags":[99,173,33,101,102,219,100],"class_list":["post-10655","page","type-page","status-publish","hentry","tag-dzialalnosc","tag-festyn","tag-konkurs","tag-kulturalna","tag-oswiatowa","tag-plener","tag-spoleczna"],"publishpress_future_action":{"enabled":false,"date":"2026-05-24 17:00:15","action":"change-status","newStatus":"draft","terms":[],"taxonomy":"category","extraData":[]},"publishpress_future_workflow_manual_trigger":{"enabledWorkflows":[]},"_links":{"self":[{"href":"https:\/\/www.smkopernik.pl\/old2\/wp-json\/wp\/v2\/pages\/10655","targetHints":{"allow":["GET"]}}],"collection":[{"href":"https:\/\/www.smkopernik.pl\/old2\/wp-json\/wp\/v2\/pages"}],"about":[{"href":"https:\/\/www.smkopernik.pl\/old2\/wp-json\/wp\/v2\/types\/page"}],"author":[{"embeddable":true,"href":"https:\/\/www.smkopernik.pl\/old2\/wp-json\/wp\/v2\/users\/1"}],"replies":[{"embeddable":true,"href":"https:\/\/www.smkopernik.pl\/old2\/wp-json\/wp\/v2\/comments?post=10655"}],"version-history":[{"count":0,"href":"https:\/\/www.smkopernik.pl\/old2\/wp-json\/wp\/v2\/pages\/10655\/revisions"}],"up":[{"embeddable":true,"href":"https:\/\/www.smkopernik.pl\/old2\/wp-json\/wp\/v2\/pages\/1693"}],"wp:attachment":[{"href":"https:\/\/www.smkopernik.pl\/old2\/wp-json\/wp\/v2\/media?parent=10655"}],"wp:term":[{"taxonomy":"category","embeddable":true,"href":"https:\/\/www.smkopernik.pl\/old2\/wp-json\/wp\/v2\/categories?post=10655"},{"taxonomy":"post_tag","embeddable":true,"href":"https:\/\/www.smkopernik.pl\/old2\/wp-json\/wp\/v2\/tags?post=10655"}],"curies":[{"name":"wp","href":"https:\/\/api.w.org\/{rel}","templated":true}]}}