{"id":1693,"date":"2021-03-01T14:15:47","date_gmt":"2021-03-01T13:15:47","guid":{"rendered":"https:\/\/www.smkopernik.pl\/?page_id=1693"},"modified":"2022-12-27T02:40:40","modified_gmt":"2022-12-27T01:40:40","slug":"dzialalnosc-sok","status":"publish","type":"page","link":"https:\/\/www.smkopernik.pl\/old2\/dzialalnosc-sok\/","title":{"rendered":"Dzia\u0142alno\u015b\u0107 s-o-k"},"content":{"rendered":"<div class=\"contener-tytul-strona\">\n<div class=\"tytul-strony\">Dzia\u0142alno\u015b\u0107 spo\u0142eczna, o\u015bwiatowa i kulturalna<\/div>\n<\/div>\n<div class=\"newsok\"><\/div>\n<p><!--\n\n<div class=\"oldsok\">[termposts name=\"oldnews\"]<\/div>\n\n--><\/p>\n","protected":false},"excerpt":{"rendered":"<p>Dzia\u0142alno\u015b\u0107 spo\u0142eczna, o\u015bwiatowa i kulturalna<\/p>\n","protected":false},"author":1,"featured_media":0,"parent":0,"menu_order":2,"comment_status":"closed","ping_status":"closed","template":"","meta":{"footnotes":""},"categories":[],"tags":[99,101,102,100],"class_list":["post-1693","page","type-page","status-publish","hentry","tag-dzialalnosc","tag-kulturalna","tag-oswiatowa","tag-spoleczna"],"publishpress_future_action":{"enabled":false,"date":"2026-05-24 16:59:55","action":"change-status","newStatus":"draft","terms":[],"taxonomy":"category","extraData":[]},"publishpress_future_workflow_manual_trigger":{"enabledWorkflows":[]},"_links":{"self":[{"href":"https:\/\/www.smkopernik.pl\/old2\/wp-json\/wp\/v2\/pages\/1693","targetHints":{"allow":["GET"]}}],"collection":[{"href":"https:\/\/www.smkopernik.pl\/old2\/wp-json\/wp\/v2\/pages"}],"about":[{"href":"https:\/\/www.smkopernik.pl\/old2\/wp-json\/wp\/v2\/types\/page"}],"author":[{"embeddable":true,"href":"https:\/\/www.smkopernik.pl\/old2\/wp-json\/wp\/v2\/users\/1"}],"replies":[{"embeddable":true,"href":"https:\/\/www.smkopernik.pl\/old2\/wp-json\/wp\/v2\/comments?post=1693"}],"version-history":[{"count":0,"href":"https:\/\/www.smkopernik.pl\/old2\/wp-json\/wp\/v2\/pages\/1693\/revisions"}],"wp:attachment":[{"href":"https:\/\/www.smkopernik.pl\/old2\/wp-json\/wp\/v2\/media?parent=1693"}],"wp:term":[{"taxonomy":"category","embeddable":true,"href":"https:\/\/www.smkopernik.pl\/old2\/wp-json\/wp\/v2\/categories?post=1693"},{"taxonomy":"post_tag","embeddable":true,"href":"https:\/\/www.smkopernik.pl\/old2\/wp-json\/wp\/v2\/tags?post=1693"}],"curies":[{"name":"wp","href":"https:\/\/api.w.org\/{rel}","templated":true}]}}