{"id":20016,"date":"2023-06-26T02:18:46","date_gmt":"2023-06-26T00:18:46","guid":{"rendered":"https:\/\/www.smkopernik.pl\/?page_id=20016"},"modified":"2023-06-26T02:45:35","modified_gmt":"2023-06-26T00:45:35","slug":"lok-matejki_94-piwnica-21_60-wsp","status":"publish","type":"page","link":"https:\/\/www.smkopernik.pl\/old2\/blog\/do-wynajecia\/najem-lokali-uzytkowych\/lok-matejki_94-piwnica-21_60-wsp\/","title":{"rendered":"Matejki 94-96 &#8211; piwnica &#8211; 21,60 m&sup2;"},"content":{"rendered":"<div class=\"contener-tytul-strona\">\n<div class=\"tytul-strony\"><a href=\"https:\/\/www.smkopernik.pl\/blog\/do-wynajecia\/najem-lokali-uzytkowych\/\">Najem lokali u\u017cytkowych<\/a><\/div>\n<\/div>\n<div class=\"gl-lu-info\">\n\t<img decoding=\"async\" src=\"https:\/\/www.smkopernik.pl\/wp-content\/uploads\/2023\/06\/gl-lu-matejki_94-piwnica-21_60-w.png\" alt=\"\" \/>\n<\/div>\n<p><!--\n\n\n<div class=\"lok_uzyt\">\n  \n\n<table class=\"lok-uzyt\">\n  \t\n\n<tr class=\"lok-uzyt-tr\">\n      \n\n<td class=\"lok-uzyt-td\">\n        \n\n<table class=\"lok-uzyt-1\">\n          \n\n<tr class=\"lok-uzyt-tr\">\n            \n\n<td class=\"lok-uzyt-1a\">Adres lokalu:<\/td>\n\n\n            \n\n<td class=\"lok-uzyt-1b\">Bema 20<small>A<\/small><\/td>\n\n\n          <\/tr>\n\n\n          \n\n<tr class=\"lok-uzyt-tr\">\n            \n\n<td class=\"lok-uzyt-1a\">Rodzaj budynku:<\/td>\n\n\n            \n\n<td class=\"lok-uzyt-1c\">wolnostoj\u0105cy pawilon handlowo-us\u0142ugowy<\/td>\n\n\n          <\/tr>\n\n\n          \n\n<tr class=\"lok-uzyt-tr\">\n            \n\n<td class=\"lok-uzyt-1a\">Po\u0142o\u017cenie lokalu:<\/td>\n\n\n            \n\n<td class=\"lok-uzyt-1c\">cz\u0119\u015b\u0107 piwniczna<\/td>\n\n\n          <\/tr>\n\n\n          \n\n<tr class=\"lok-uzyt-tr\">\n            \n\n<td class=\"lok-uzyt-1a\">Powierzchnia:<\/td>\n\n\n            \n\n<td class=\"lok-uzyt-1p\">22,14&nbsp;m&sup2;\n\t\t\t\t\t\t\t\n\n<div class=\"lok-uzyt-1pw\">w tym:\n\t\t\t\t\t\t\t\t\n\n<table class=\"lok-uzyt-1pw\">\n\t\t\t\t\t\t\t\t\t\n\n<tr>\n\t\t\t\t\t\t\t\t\t\t\n\n<td style=\"width:100px; text-align:right;padding:5px;font-size:14px; background-color:transparent;\">18,62&nbsp;m&sup2;<\/td>\n\n\n\n<td style=\"width:5px; text-align:center;padding:5px;font-size:14px; background-color:transparent;\">*<\/td>\n\n\n\n<td style=\"text-align:left;padding:5px; font-size:14px; background-color:transparent;\">powierzchnia lokalu u\u017cytkowego<\/td>\n\n\n\t\t\t\t\t\t\t\t\t<\/tr>\n\n\n\t\t\t\t\t\t\t\t\t\n\n<tr>\n\t\t\t\t\t\t\t\t\t\t\n\n<td style=\"width:100px; text-align:right;padding:5px;font-size:14px; background-color:transparent;\">3,52&nbsp;m&sup2;<\/td>\n\n\n\n<td style=\"width:5px; text-align:center;padding:5px;font-size:14px;\tbackground-color:transparent;\">*<\/td>\n\n\n\n<td style=\"text-align:left;padding:5px;font-size:14px;\tbackground-color:transparent;\">powierzchnia wsp\u00f3lnego u\u017cytkowania<\/td>\n\n\n\t\t\t\t\t\t\t\t\t<\/tr>\n\n\n\t\t\t\t\t\t\t\t<\/table>\n\n\n\t\t\t\t\t\t<\/div>\n\n\n\t\t\t\t\t<\/td>\n\n\n          <\/tr>\n\n\n          \n\n<tr class=\"lok-uzyt-tr\">\n            \n\n<td class=\"lok-uzyt-1a\">Informacje dodatkowe:<\/td>\n\n\n            \n\n<td class=\"lok-uzyt-1d\">\n              \n\n<ul class=\"lok-uzyt-1d\">\n \t      \t\t  \t\n\n<li class=\"lok-uzyt-1d\">lokal z&nbsp;centralnym ogrzewaniem<\/li>\n\n\n              <\/ul>\n\n\n\t\t\t\t\t\t\t\n\n<div>\n\t\t\t\t\t\t\t\t\n\n<p>Powierzchnia wsp\u00f3lnego u\u017cytkowania stanowi ustalon\u0105 na zasadzie proporcji cz\u0119\u015b\u0107 wsp\u00f3ln\u0105 obiektu, w&nbsp;kt\u00f3rym znajduje si\u0119 lokal, z&nbsp;kt\u00f3rej korzysta najemca (korytarz, wc) wraz z&nbsp;innymi najemcami lokali w&nbsp;tym obiekcie.<\/p>\n\n\n\t\t\t\t\t\t\t\t\n\n<p>W ofercie nale\u017cy poda\u0107 propozycj\u0119 wysoko\u015bci op\u0142aty eksploatacyjnej (czynszu najmu) \u0142\u0105cznie dla ca\u0142ej wynajmowanej powierzchni (powierzchnia lokalu wraz z&nbsp;powierzchni\u0105 wsp\u00f3lnego u\u017cytkowania).<\/p>\n\n\n\t\t\t\t\t\t\t<\/div>\n\n\n            <\/td>\n\n\n          <\/tr>\n\n\n        <\/table>\n\n\n      <\/td>\n\n\n    <\/tr>\n\n\n    \n\n<tr class=\"lok-uzyt-tr\">\n      \n\n<td class=\"lok-uzyt-td\">\n        \n\n<table class=\"lok-uzyt-2\">\n          \n\n<tr class=\"lok-uzyt-tr\">\n            \n\n<td class=\"lok-uzyt-2a\">Wadium:<br \/><span style=\"font-size: 12px;\">brutto<\/span><\/td>\n\n\n            \n\n<td class=\"lok-uzyt-2b\">Minimalna miesi\u0119czna op\u0142ata eksploatacyjna<br \/><span style=\"font-size: 12px;\">(czynsz najmu) dla powierzchni b\u0119d\u0105cej przedmiotem najmu<br \/>bez uwzgl\u0119dnienia op\u0142aty za media i&nbsp;podatku od nieruchomo\u015bci<\/span><\/td>\n\n\n           <\/tr>\n\n\n           \n\n<tr class=\"lok-uzyt-tr\">\n            \n\n<td class=\"lok-uzyt-2c\">700,00 z\u0142<\/td>\n\n\n            \n\n<td class=\"lok-uzyt-2d\">287,82 z\u0142 <span style=\"font-size: 12px;\">+ VAT<\/span><\/td>\n\n\n          <\/tr>\n\n\n        <\/table>\n\n\n      <\/td>\n\n\n    <\/tr>\n\n\n    \n\n<tr class=\"lok-uzyt-tr\">\n      \n\n<td class=\"lok-uzyt-td\">\n        \n\n<table class=\"lok-uzyt-3\">\n          \n\n<tr class=\"lok-uzyt-tr\">\n\t\t\t\t\t\n\n<td class=\"lok-uzyt-obraz\">[su_image_carousel source=\"media: 7970,7971\" limit=\"100\" slides_style=\"photo\" controls_style=\"light\" columns=\"2\" align=\"center\" max_width=\"800px\" speed=\"slow\" image_size=\"full\"]<\/td>\n\n\n          <\/tr>\n\n\n        <\/table>\n\n\n      <\/td>\n\n\n    <\/tr>\n\n\n  <\/table>\n\n\n<\/div>\n\n\n-->\t&nbsp;<\/p>\n<div class=\"lok-uzyt-stopa\">\n<p>Oferty w&nbsp;zamkni\u0119tych kopertach z&nbsp;przeznaczeniem lokalu na przygotowanych przez Sp\u00f3\u0142dzielni\u0119 specjalnych <a title=\"Formularz do pobrania - plik PDF\" href=\"https:\/\/www.smkopernik.pl\/wp-content\/uploads\/2023\/05\/gl-formularz-oferty-najmu-lokalu-uztkowego-05_2023.pdf\" target=\"_blank\" rel=\"noopener\"><b>drukach<\/b><\/a> (dost\u0119pne r\u00f3wnie\u017c w&nbsp;pokoju 16 w&nbsp;Administracji Og\u00f3lnej przy ul. Matejki 94\/96) prosimy sk\u0142ada\u0107 w&nbsp;Sekretariacie Sp\u00f3\u0142dzielni.<\/p>\n<p>Osoby fizyczne prowadz\u0105ce w\u0142asn\u0105 dzia\u0142alno\u015b\u0107 gospodarcz\u0105 zobowi\u0105zane s\u0105 do z\u0142o\u017cenia wraz z&nbsp;ofert\u0105 <a href=\"https:\/\/www.smkopernik.pl\/wp-content\/uploads\/2021\/08\/lok-uz-osw-malzonka.pdf\" target=\"_blank\" rel=\"noopener\"><b>o\u015bwiadczenia<\/b><\/a> &#8211; zgody wsp\u00f3\u0142ma\u0142\u017conka na zawarcie umowy najmu lokalu u\u017cytkowego.<\/p>\n<p>Warunkiem rozpatrzenia oferty jest wp\u0142ata wadium w&nbsp;okre\u015blonej kwocie, kt\u00f3r\u0105 nale\u017cy ui\u015bci\u0107 w&nbsp;kasie Banku Pocztowego (Toru\u0144, ul.&nbsp;Che\u0142mi\u0144ska&nbsp;13) lub przelewem, na konto Sp\u00f3\u0142dzielni Mieszkaniowej KOPERNIK o&nbsp;numerze<\/p>\n<div style=\"width:80%; margin:0 auto; padding:5px 20px 5px 20px;  color: #300993;\"><b>54&nbsp;1320&nbsp;1120&nbsp;2564&nbsp;9572&nbsp;2000&nbsp;0011<\/b><\/div>\n<p>Informacje szczeg\u00f3\u0142owe o&nbsp;lokalach wymienionych w&nbsp;ofercie najmu mo\u017cna uzyska\u0107 telefonicznie:<br \/>\n56-612-06-26,   56-612-06-14,   56-612-06-16   lub   56-612-06-20.<\/p>\n<p>Sp\u00f3\u0142dzielnia zastrzega sobie prawo swobodnego wyboru ofert i&nbsp;uniewa\u017cnienia naboru bez podania przyczyny.<\/p>\n<\/div>\n\n","protected":false},"excerpt":{"rendered":"<p>21,60 m&sup2;<\/p>\n","protected":false},"author":1,"featured_media":0,"parent":18746,"menu_order":0,"comment_status":"closed","ping_status":"closed","template":"","meta":{"footnotes":""},"categories":[193],"tags":[56,359,315],"class_list":["post-20016","page","type-page","status-publish","hentry","category-do-wynajecia","tag-lokal-uzytkowy","tag-matejki-94-96","tag-piwnica"],"publishpress_future_action":{"enabled":false,"date":"2026-05-24 23:38:03","action":"change-status","newStatus":"draft","terms":[],"taxonomy":"category","extraData":[]},"publishpress_future_workflow_manual_trigger":{"enabledWorkflows":[]},"_links":{"self":[{"href":"https:\/\/www.smkopernik.pl\/old2\/wp-json\/wp\/v2\/pages\/20016","targetHints":{"allow":["GET"]}}],"collection":[{"href":"https:\/\/www.smkopernik.pl\/old2\/wp-json\/wp\/v2\/pages"}],"about":[{"href":"https:\/\/www.smkopernik.pl\/old2\/wp-json\/wp\/v2\/types\/page"}],"author":[{"embeddable":true,"href":"https:\/\/www.smkopernik.pl\/old2\/wp-json\/wp\/v2\/users\/1"}],"replies":[{"embeddable":true,"href":"https:\/\/www.smkopernik.pl\/old2\/wp-json\/wp\/v2\/comments?post=20016"}],"version-history":[{"count":0,"href":"https:\/\/www.smkopernik.pl\/old2\/wp-json\/wp\/v2\/pages\/20016\/revisions"}],"up":[{"embeddable":true,"href":"https:\/\/www.smkopernik.pl\/old2\/wp-json\/wp\/v2\/pages\/18746"}],"wp:attachment":[{"href":"https:\/\/www.smkopernik.pl\/old2\/wp-json\/wp\/v2\/media?parent=20016"}],"wp:term":[{"taxonomy":"category","embeddable":true,"href":"https:\/\/www.smkopernik.pl\/old2\/wp-json\/wp\/v2\/categories?post=20016"},{"taxonomy":"post_tag","embeddable":true,"href":"https:\/\/www.smkopernik.pl\/old2\/wp-json\/wp\/v2\/tags?post=20016"}],"curies":[{"name":"wp","href":"https:\/\/api.w.org\/{rel}","templated":true}]}}