{"id":5919,"date":"2021-08-14T22:32:35","date_gmt":"2021-08-14T20:32:35","guid":{"rendered":"https:\/\/www.smkopernik.pl\/?page_id=5919"},"modified":"2025-04-22T11:39:43","modified_gmt":"2025-04-22T09:39:43","slug":"administracja-ty","status":"publish","type":"page","link":"https:\/\/www.smkopernik.pl\/old2\/spoldzielnia\/struktura-organizacyjna\/administracja-ty\/","title":{"rendered":"Administracja Osiedla TYSI\u0104CLECIA"},"content":{"rendered":"<div class=\"contener-tytul\">\n<div class=\"tytul-strony\">Administracja Osiedla TYSI\u0104CLECIA<\/div>\n<\/div>\n<table width=\"100%\">\n<tbody>\n<tr>\n<td>\n<p align=\"center\"><span style=\"color: #a01339;\">SP\u00d3\u0141DZIELNIA MIESZKANIOWA &#8222;Kopernik&#8221;<\/p>\n<p><span style=\"color: #134fc0; font-size: xx-small;\">Administracja Osiedla &#8222;Tysi\u0105clecia&#8221;<\/span><\/p>\n<p>z siedzib\u0105 przy\u00a0<b>ul. Wybickiego 74<\/b><br \/>\ntel. 56-655-15-73, 56-658-53-05<br \/>\nmail\u00a0<a href=\"mailto:at@smkopernik.pl\">at@smkopernik.pl<\/a><\/span><\/p>\n<\/td>\n<td><img loading=\"lazy\" decoding=\"async\" src=\"https:\/\/www.smkopernik.pl\/obrazki\/at2.jpg\" alt=\"Budynek Administracji Osiedla 'Tysi\u0105clecia'\" width=\"290\" height=\"145\" border=\"0\" \/><\/td>\n<\/tr>\n<\/tbody>\n<\/table>\n<p>&nbsp;<\/p>\n<p><span style=\"color: #297323;\">Pracownicy administracji:<\/span><\/p>\n<table class=\"par\">\n<tbody>\n<tr>\n<td><b>Kierownik Osiedla<\/b><\/td>\n<td><b>\u00a0 &#8211; \u00a0<\/b><\/td>\n<td><b>Marzena Smyk<\/b><\/td>\n<\/tr>\n<tr>\n<td><b>Inspektor Techniczny<\/b><\/td>\n<td><b>\u00a0 &#8211; \u00a0<\/b><\/td>\n<td><b>Patryk Lipi\u0144ski<\/b><\/td>\n<\/tr>\n<tr>\n<td><b>Administrator<\/b><\/td>\n<td><b>\u00a0 &#8211; \u00a0<\/b><\/td>\n<td><b>Justyna Pop\u0142awska<\/b><\/td>\n<\/tr>\n<tr>\n<td><b>Administrator<\/b><\/td>\n<td><b>\u00a0 &#8211; \u00a0<\/b><\/td>\n<td><b>Julia Witkowska<\/b><\/td>\n<\/tr>\n<\/tbody>\n<\/table>\n<p>&nbsp;<\/p>\n<p>&nbsp;<\/p>\n<p><span style=\"color: #297323;\">Godziny pracy:<\/span><\/p>\n<table class=\"par\">\n<tbody>\n<tr>\n<td><b>poniedzia\u0142ek, \u015broda, czwartek, pi\u0105tek<\/b><\/td>\n<td><b>\u00a0 &#8211; \u00a0<\/b><\/td>\n<td><b>7<sup>00<\/sup>\u00a0\u00f7 15<sup>00<\/sup><\/b><\/td>\n<\/tr>\n<tr>\n<td><b>wtorek<\/b><\/td>\n<td><b>\u00a0 &#8211; \u00a0<\/b><\/td>\n<td><b>8<sup>00<\/sup>\u00a0\u00f7 17<sup>00<\/sup><\/b><\/td>\n<\/tr>\n<\/tbody>\n<\/table>\n<p>&nbsp;<\/p>\n<p>&nbsp;<\/p>\n<p align=\"justify\">Do Administracji Osiedla nale\u017cy zg\u0142asza\u0107 wszystkie sprawy dotycz\u0105ce naruszania Regulaminu Porz\u0105dku Domowego i stanu technicznego mieszkania, budynku i terenu osiedla.<\/p>\n<p>&nbsp;<\/p>\n<p><span style=\"color: #297323;\">Podstawowy zakres dzia\u0142ania administracji:<\/span><\/p>\n<ul>\n<li>za\u0142atwia zg\u0142oszenia mieszka\u0144c\u00f3w osiedla,<\/li>\n<li>dba o w\u0142a\u015bciwy stan techniczny budynk\u00f3w wraz z wyposa\u017ceniem oraz infrastruktury osiedla,<\/li>\n<li>dba o czysto\u015b\u0107 w budynkach i na terenie osiedla w tym prowadzi kontrol\u0119 jako\u015bci wykonywanych przez firmy us\u0142ugowe prac porz\u0105dkowych, deratyzacyjnych, dezynsekcyjnych, dezynfekcyjnych i piel\u0119gnacyjnych zieleni,<\/li>\n<li>uczestniczy w odczytach licznik\u00f3w wody i ciep\u0142a w budynkach,<\/li>\n<li>dokonuje rozlicze\u0144 za korzystanie z pralni i suszarni,<\/li>\n<li>organizuje zebrania z mieszka\u0144cami oraz wysy\u0142k\u0119 korespondencji o charakterze masowym.<\/li>\n<\/ul>\n<p>&nbsp;<\/p>\n<p>&nbsp;<\/p>\n<p><span style=\"color: #297323;\">Dane statystyczne odnosz\u0105ce si\u0119 do Administracji Osiedla &#8222;Tysi\u0105clecia&#8221;:<\/span><\/p>\n<table class=\"par\">\n<tbody>\n<tr>\n<td>ilo\u015b\u0107 mieszka\u0144 w budynkach wielorodzinnych<\/td>\n<td>\u00a0 &#8211;<\/td>\n<td align=\"right\">2 253<\/td>\n<\/tr>\n<tr>\n<td>ilo\u015b\u0107 mieszka\u0144c\u00f3w<\/td>\n<td>\u00a0 &#8211;<\/td>\n<td align=\"right\">~ 7 500<\/td>\n<\/tr>\n<tr>\n<td>ilo\u015b\u0107 budynk\u00f3w wielorodzinnych<\/td>\n<td>\u00a0 &#8211;<\/td>\n<td align=\"right\">59<\/td>\n<\/tr>\n<tr>\n<td>ilo\u015b\u0107 budynk\u00f3w jednorodzinnych<\/td>\n<td>\u00a0 &#8211;<\/td>\n<td align=\"right\">4<\/td>\n<\/tr>\n<tr>\n<td>pole powierzchni teren\u00f3w zielonych<\/td>\n<td>\u00a0 &#8211;<\/td>\n<td align=\"right\">~ 10 ha<\/td>\n<\/tr>\n<\/tbody>\n<\/table>\n<p>&nbsp;<\/p>\n<p>&nbsp;<\/p>\n<p><span style=\"color: #297323;\">Obiekty podleg\u0142e Administracji Osiedla &#8222;Tysi\u0105clecia&#8221;:<\/span><\/p>\n<ul>\u2014 budynki mieszkalne:<\/p>\n<li class=\"l1\">\u015bw. Andrzeja Boboli 1-5, 11-13, 19-23, 33-35, 39-41<\/li>\n<li class=\"l1\">D\u0142uga 41, 43, 45, 47-47e, 49-49e, 51-51e<\/li>\n<li class=\"l1\">Harcerska 1-1c, 1d, 3-3c, 5-5c, 7-7c, 9-9c<\/li>\n<li class=\"l1\">Harcerska 14-14c, 16-16c<\/li>\n<li class=\"l1\">Hurynowicz 5-5c, 7-7e<\/li>\n<li class=\"l1\">Kaliskiego 1-1c, 3-3c, 5-5c, 7-7b<\/li>\n<li class=\"l1\">Lecha 9-11<\/li>\n<li class=\"l1\">Lecha 10-16<\/li>\n<li class=\"l1\">Legion\u00f3w 121-131, 133-151, 165-165c, 167-167c, 169-169c, 171-171c<\/li>\n<li class=\"l1\">Legion\u00f3w 212-212c, 214-214c, 216-216f, 218-218c, 218d-218i<\/li>\n<li class=\"l1\">Mohna 34-36, 50e-50k<\/li>\n<li class=\"l1\">Popiela 1-3b, 5, 7, 9, 11<\/li>\n<li class=\"l1\">Popiela 6, 8, 10, 12, 14<\/li>\n<li class=\"l1\">Rusa 9-11, 13-19<\/li>\n<li class=\"l1\">Rusa 6-8, 10-12, 14-16, 18-20<\/li>\n<li class=\"l1\">Szosa Che\u0142mi\u0144ska 125-129a<\/li>\n<li class=\"l1\">Szosa Che\u0142mi\u0144ska 140e, 142-146a<\/li>\n<li class=\"l1\">\u017bwirki i Wigury 58-60<\/li>\n<li class=\"l1\">domki jednorodzinne \u2013 Osiedle &#8222;Tysi\u0105clecia&#8221;<\/li>\n<li class=\"l1\">domki jednorodzinne \u2013 Osiedle &#8222;Wrzosy&#8221;<\/li>\n<\/ul>\n<ul>\u2014 zespo\u0142y gara\u017cowe:<\/p>\n<li class=\"l1\">Czecha<\/li>\n<li class=\"l1\">D\u0142uga 41-45<\/li>\n<li class=\"l1\">Ho\u017ca 1-3<\/li>\n<li class=\"l1\">Hurynowicz 5-5c, 7-7e<\/li>\n<li class=\"l1\">Legion\u00f3w 112a, 216e, 218d-218i<\/li>\n<li class=\"l1\">Mohna 34-36, 50e-50k<\/li>\n<li class=\"l1\">Szosa Che\u0142mi\u0144ska 125-129a<\/li>\n<li class=\"l1\">Zamenhofa 2-4, 12d<\/li>\n<\/ul>\n<ul>\u2014 lokale u\u017cytkowe:<\/p>\n<li class=\"l1\">\u015bw. Andrzeja Boboli 31<\/li>\n<li class=\"l1\">Kaliskiego 9<\/li>\n<li class=\"l1\">Lecha 5-7<\/li>\n<li class=\"l1\">Legion\u00f3w 216-216e<\/li>\n<li class=\"l1\">Mohna 34, 46-50c<\/li>\n<li class=\"l1\">Popiela 5, 7, 9, 11<\/li>\n<li class=\"l1\">Popiela 6, 8, 10, 12, 14<\/li>\n<li class=\"l1\">Szosa Che\u0142mi\u0144ska 129a<\/li>\n<li class=\"l1\">Szosa Che\u0142mi\u0144ska 140e<\/li>\n<li class=\"l1\">Wybickiego 74<\/li>\n<li class=\"l1\">\u017bwirki i Wigury 39-41, 71<\/li>\n<\/ul>\n<p>&nbsp;<\/p>\n<p>&nbsp;<\/p>\n<p>Administracja Osiedla TYSI\u0104CLECIA informuje swoich mieszka\u0144c\u00f3w, i\u017c wszelkie sprawy do dzielnicowych nale\u017cy za\u0142atwia\u0107 dzwoni\u0105c na<\/p>\n<p><strong>KOMISARIAT POLICJI TORU\u0143 \u2013 \u015aR\u00d3DMIE\u015aCIE<br \/>\nUL. PCK 2<br \/>\nTELEFON: 56-641-24-52, 56-641-24-30<\/strong>.<\/p>\n","protected":false},"excerpt":{"rendered":"<p>Administracja Osiedla TYSI\u0104CLECIA SP\u00d3\u0141DZIELNIA MIESZKANIOWA &#8222;Kopernik&#8221; Administracja Osiedla &#8222;Tysi\u0105clecia&#8221; z siedzib\u0105 przy\u00a0ul. Wybickiego 74 tel. 56-655-15-73, 56-658-53-05 mail\u00a0at@smkopernik.pl &nbsp; Pracownicy administracji: Kierownik Osiedla \u00a0 &#8211;&hellip;<\/p>\n","protected":false},"author":1,"featured_media":0,"parent":10492,"menu_order":7,"comment_status":"closed","ping_status":"closed","template":"","meta":{"footnotes":""},"categories":[],"tags":[165,163,124,166],"class_list":["post-5919","page","type-page","status-publish","hentry","tag-administracja","tag-osiedle","tag-spoldzielnia","tag-tysiaclecia"],"publishpress_future_action":{"enabled":false,"date":"2026-05-24 20:57:33","action":"change-status","newStatus":"draft","terms":[],"taxonomy":"category","extraData":[]},"publishpress_future_workflow_manual_trigger":{"enabledWorkflows":[]},"_links":{"self":[{"href":"https:\/\/www.smkopernik.pl\/old2\/wp-json\/wp\/v2\/pages\/5919","targetHints":{"allow":["GET"]}}],"collection":[{"href":"https:\/\/www.smkopernik.pl\/old2\/wp-json\/wp\/v2\/pages"}],"about":[{"href":"https:\/\/www.smkopernik.pl\/old2\/wp-json\/wp\/v2\/types\/page"}],"author":[{"embeddable":true,"href":"https:\/\/www.smkopernik.pl\/old2\/wp-json\/wp\/v2\/users\/1"}],"replies":[{"embeddable":true,"href":"https:\/\/www.smkopernik.pl\/old2\/wp-json\/wp\/v2\/comments?post=5919"}],"version-history":[{"count":0,"href":"https:\/\/www.smkopernik.pl\/old2\/wp-json\/wp\/v2\/pages\/5919\/revisions"}],"up":[{"embeddable":true,"href":"https:\/\/www.smkopernik.pl\/old2\/wp-json\/wp\/v2\/pages\/10492"}],"wp:attachment":[{"href":"https:\/\/www.smkopernik.pl\/old2\/wp-json\/wp\/v2\/media?parent=5919"}],"wp:term":[{"taxonomy":"category","embeddable":true,"href":"https:\/\/www.smkopernik.pl\/old2\/wp-json\/wp\/v2\/categories?post=5919"},{"taxonomy":"post_tag","embeddable":true,"href":"https:\/\/www.smkopernik.pl\/old2\/wp-json\/wp\/v2\/tags?post=5919"}],"curies":[{"name":"wp","href":"https:\/\/api.w.org\/{rel}","templated":true}]}}